{"id":356434,"date":"2024-11-04T11:02:30","date_gmt":"2024-11-04T11:02:30","guid":{"rendered":"https:\/\/sas-bergerault.com\/artiste\/jean-francois-durez\/"},"modified":"2025-05-02T13:43:46","modified_gmt":"2025-05-02T13:43:46","slug":"jean-francois-durez","status":"publish","type":"artiste","link":"https:\/\/bergerault.com\/en\/artiste\/jean-francois-durez\/","title":{"rendered":"Jean-Fran\u00e7ois Durez"},"content":{"rendered":"<p>From St Amand les Eaux, Jean-Francois Durez began studying music in the municipal school of his town, before studying successively percussion and piano at the conservatories of Valenciennes, and Cr\u00e9teil. After brilliant studies at the Paris Conservatoire, crowned by the first prize unanimously percussion and DFS (piano accompaniment, analysis, sight reading, chamber music), he was appointed professor of percussion at the conservatory of the 17th district Paris. Following the contest, he was hired as percussionist with the Orchestre des Concerts Lamoureux and the Orchestre de la Garde R\u00e9publicaine.<br \/>\nPercussionist and pianist with many facets, Jean-Francois occurs as a soloist, accompanied by prestigious groups, and works regularly with many orchestras National (Ensemble Orchestral de Paris, Orchestre National de Lille, Orchestre du Capitole de Toulouse &#8230;)<\/p>\n<p>He is a regular in the world and the variety of the musical, while accompanying numerous artists in concerts and on different albums (Nicoletta LAVILLIERS Bernard, Michel FUGAIN, Celine Dion, Sting, shows &#8220;Cabaret&#8221;, &#8220;KING LION &#8220;), and performed with many jazz musicians (Richard Galliano, Didier Lockwood, Claude Egea, Jean-Marie Ecay, Pierrick Pedron &#8230;) in various projects. Passionate musician, JF Durez is always looking for great encounters in different artistic worlds, always ready to share his passion in many master classes and various chamber music concerts.<\/p>\n<p>Directeur musical de l\u2019Union-Chorale de St Amand-les-Eaux et de l\u2019Univers-Jazz Big-Band, il accompagne par ailleurs, en tant que percussionniste, le trio vocal \u00ab Les Mouettes \u00bb, le Paname-Brass Ensemble, et est l\u2019invit\u00e9 du projet \u00ab Nougaro fa\u00e7on trombone \u00bb avec le quatuor de trombones du Big-Band de Toulouse. Depuis septembre 2011, il vient \u00e9galement d\u2019\u00eatre nomm\u00e9 professeur de percussion, au Conservatoire \u00e0 rayonnement d\u00e9partemental de Valenciennes.<\/p>\n<p>Music Director of the &#8220;Union-Chorale de St Amand-les-Eaux&#8221; and the &#8220;Univers-Jazz Big Band&#8221;, he also accompanied, as a percussionist, the vocal trio &#8221; Les Mouettes&#8221;, Paname-Brass Ensemble&#8221;, and is the guest of the project &#8220;Nougaro fa\u00e7on Trombone&#8221; with the quartet of trombones of the Big Band of Toulouse. Since September 2011, he has also just been appointed professor of percussion at the Valenciennes Departmental Conservatory.<\/p>\n<p><strong>Contact<\/strong><\/p>\n<p>Facebook :\u00a0<a href=\"https:\/\/www.facebook.com\/people\/Jean-Fran%C3%A7ois-Durez\/1000004221072..\">https:\/\/www.facebook.com\/people\/Jean-Fran%C3%A7ois-Durez\/1000004221072..<\/a>.<br \/>\nWebsite :\u00a0<a href=\"http:\/\/ardimuse.fr\/\">http:\/\/ardimuse.fr<\/a><\/p>\n","protected":false},"excerpt":{"rendered":"<p>From St Amand les Eaux, Jean-Francois Durez began studying music in the municipal school of his town, before studying successively percussion and piano at the conservatories of Valenciennes, and Cr\u00e9teil. After brilliant studies at the Paris Conservatoire, crowned by the first prize unanimously percussion and DFS (piano accompaniment, analysis, sight reading, chamber music), he was [&hellip;]<\/p>\n","protected":false},"featured_media":356435,"template":"","categorie_artiste":[],"class_list":["post-356434","artiste","type-artiste","status-publish","has-post-thumbnail","hentry"],"acf":[],"yoast_head":"<!-- This site is optimized with the Yoast SEO plugin v27.5 - https:\/\/yoast.com\/product\/yoast-seo-wordpress\/ -->\n<title>Jean-Fran\u00e7ois Durez - Bergerault Percussions<\/title>\n<meta name=\"robots\" content=\"index, follow, max-snippet:-1, max-image-preview:large, max-video-preview:-1\" \/>\n<link rel=\"canonical\" href=\"https:\/\/bergerault.com\/en\/artiste\/jean-francois-durez\/\" \/>\n<meta property=\"og:locale\" content=\"en_US\" \/>\n<meta property=\"og:type\" content=\"article\" \/>\n<meta property=\"og:title\" content=\"Jean-Fran\u00e7ois Durez - Bergerault Percussions\" \/>\n<meta property=\"og:description\" content=\"From St Amand les Eaux, Jean-Francois Durez began studying music in the municipal school of his town, before studying successively percussion and piano at the conservatories of Valenciennes, and Cr\u00e9teil. After brilliant studies at the Paris Conservatoire, crowned by the first prize unanimously percussion and DFS (piano accompaniment, analysis, sight reading, chamber music), he was [&hellip;]\" \/>\n<meta property=\"og:url\" content=\"https:\/\/bergerault.com\/en\/artiste\/jean-francois-durez\/\" \/>\n<meta property=\"og:site_name\" content=\"Bergerault Percussions\" \/>\n<meta property=\"article:modified_time\" content=\"2025-05-02T13:43:46+00:00\" \/>\n<meta property=\"og:image\" content=\"https:\/\/bergerault.com\/wp-content\/uploads\/2024\/11\/Jean-Franois-Durez.jpg\" \/>\n\t<meta property=\"og:image:width\" content=\"533\" \/>\n\t<meta property=\"og:image:height\" content=\"800\" \/>\n\t<meta property=\"og:image:type\" content=\"image\/jpeg\" \/>\n<meta name=\"twitter:card\" content=\"summary_large_image\" \/>\n<meta name=\"twitter:label1\" content=\"Est. reading time\" \/>\n\t<meta name=\"twitter:data1\" content=\"2 minutes\" \/>\n<script type=\"application\/ld+json\" class=\"yoast-schema-graph\">{\"@context\":\"https:\\\/\\\/schema.org\",\"@graph\":[{\"@type\":\"WebPage\",\"@id\":\"https:\\\/\\\/bergerault.com\\\/en\\\/artiste\\\/jean-francois-durez\\\/\",\"url\":\"https:\\\/\\\/bergerault.com\\\/en\\\/artiste\\\/jean-francois-durez\\\/\",\"name\":\"Jean-Fran\u00e7ois Durez - Bergerault Percussions\",\"isPartOf\":{\"@id\":\"https:\\\/\\\/bergerault.com\\\/en\\\/#website\"},\"primaryImageOfPage\":{\"@id\":\"https:\\\/\\\/bergerault.com\\\/en\\\/artiste\\\/jean-francois-durez\\\/#primaryimage\"},\"image\":{\"@id\":\"https:\\\/\\\/bergerault.com\\\/en\\\/artiste\\\/jean-francois-durez\\\/#primaryimage\"},\"thumbnailUrl\":\"https:\\\/\\\/bergerault.com\\\/wp-content\\\/uploads\\\/2024\\\/11\\\/Jean-Franois-Durez.jpg\",\"datePublished\":\"2024-11-04T11:02:30+00:00\",\"dateModified\":\"2025-05-02T13:43:46+00:00\",\"breadcrumb\":{\"@id\":\"https:\\\/\\\/bergerault.com\\\/en\\\/artiste\\\/jean-francois-durez\\\/#breadcrumb\"},\"inLanguage\":\"en-US\",\"potentialAction\":[{\"@type\":\"ReadAction\",\"target\":[\"https:\\\/\\\/bergerault.com\\\/en\\\/artiste\\\/jean-francois-durez\\\/\"]}]},{\"@type\":\"ImageObject\",\"inLanguage\":\"en-US\",\"@id\":\"https:\\\/\\\/bergerault.com\\\/en\\\/artiste\\\/jean-francois-durez\\\/#primaryimage\",\"url\":\"https:\\\/\\\/bergerault.com\\\/wp-content\\\/uploads\\\/2024\\\/11\\\/Jean-Franois-Durez.jpg\",\"contentUrl\":\"https:\\\/\\\/bergerault.com\\\/wp-content\\\/uploads\\\/2024\\\/11\\\/Jean-Franois-Durez.jpg\",\"width\":533,\"height\":800},{\"@type\":\"BreadcrumbList\",\"@id\":\"https:\\\/\\\/bergerault.com\\\/en\\\/artiste\\\/jean-francois-durez\\\/#breadcrumb\",\"itemListElement\":[{\"@type\":\"ListItem\",\"position\":1,\"name\":\"Accueil\",\"item\":\"https:\\\/\\\/bergerault.com\\\/en\\\/\"},{\"@type\":\"ListItem\",\"position\":2,\"name\":\"Jean-Fran\u00e7ois Durez\"}]},{\"@type\":\"WebSite\",\"@id\":\"https:\\\/\\\/bergerault.com\\\/en\\\/#website\",\"url\":\"https:\\\/\\\/bergerault.com\\\/en\\\/\",\"name\":\"Bergerault Percussions\",\"description\":\"Cr\u00e9ateur d&#039;instruments\",\"potentialAction\":[{\"@type\":\"SearchAction\",\"target\":{\"@type\":\"EntryPoint\",\"urlTemplate\":\"https:\\\/\\\/bergerault.com\\\/en\\\/?s={search_term_string}\"},\"query-input\":{\"@type\":\"PropertyValueSpecification\",\"valueRequired\":true,\"valueName\":\"search_term_string\"}}],\"inLanguage\":\"en-US\"}]}<\/script>\n<!-- \/ Yoast SEO plugin. -->","yoast_head_json":{"title":"Jean-Fran\u00e7ois Durez - Bergerault Percussions","robots":{"index":"index","follow":"follow","max-snippet":"max-snippet:-1","max-image-preview":"max-image-preview:large","max-video-preview":"max-video-preview:-1"},"canonical":"https:\/\/bergerault.com\/en\/artiste\/jean-francois-durez\/","og_locale":"en_US","og_type":"article","og_title":"Jean-Fran\u00e7ois Durez - Bergerault Percussions","og_description":"From St Amand les Eaux, Jean-Francois Durez began studying music in the municipal school of his town, before studying successively percussion and piano at the conservatories of Valenciennes, and Cr\u00e9teil. After brilliant studies at the Paris Conservatoire, crowned by the first prize unanimously percussion and DFS (piano accompaniment, analysis, sight reading, chamber music), he was [&hellip;]","og_url":"https:\/\/bergerault.com\/en\/artiste\/jean-francois-durez\/","og_site_name":"Bergerault Percussions","article_modified_time":"2025-05-02T13:43:46+00:00","og_image":[{"width":533,"height":800,"url":"https:\/\/bergerault.com\/wp-content\/uploads\/2024\/11\/Jean-Franois-Durez.jpg","type":"image\/jpeg"}],"twitter_card":"summary_large_image","twitter_misc":{"Est. reading time":"2 minutes"},"schema":{"@context":"https:\/\/schema.org","@graph":[{"@type":"WebPage","@id":"https:\/\/bergerault.com\/en\/artiste\/jean-francois-durez\/","url":"https:\/\/bergerault.com\/en\/artiste\/jean-francois-durez\/","name":"Jean-Fran\u00e7ois Durez - Bergerault Percussions","isPartOf":{"@id":"https:\/\/bergerault.com\/en\/#website"},"primaryImageOfPage":{"@id":"https:\/\/bergerault.com\/en\/artiste\/jean-francois-durez\/#primaryimage"},"image":{"@id":"https:\/\/bergerault.com\/en\/artiste\/jean-francois-durez\/#primaryimage"},"thumbnailUrl":"https:\/\/bergerault.com\/wp-content\/uploads\/2024\/11\/Jean-Franois-Durez.jpg","datePublished":"2024-11-04T11:02:30+00:00","dateModified":"2025-05-02T13:43:46+00:00","breadcrumb":{"@id":"https:\/\/bergerault.com\/en\/artiste\/jean-francois-durez\/#breadcrumb"},"inLanguage":"en-US","potentialAction":[{"@type":"ReadAction","target":["https:\/\/bergerault.com\/en\/artiste\/jean-francois-durez\/"]}]},{"@type":"ImageObject","inLanguage":"en-US","@id":"https:\/\/bergerault.com\/en\/artiste\/jean-francois-durez\/#primaryimage","url":"https:\/\/bergerault.com\/wp-content\/uploads\/2024\/11\/Jean-Franois-Durez.jpg","contentUrl":"https:\/\/bergerault.com\/wp-content\/uploads\/2024\/11\/Jean-Franois-Durez.jpg","width":533,"height":800},{"@type":"BreadcrumbList","@id":"https:\/\/bergerault.com\/en\/artiste\/jean-francois-durez\/#breadcrumb","itemListElement":[{"@type":"ListItem","position":1,"name":"Accueil","item":"https:\/\/bergerault.com\/en\/"},{"@type":"ListItem","position":2,"name":"Jean-Fran\u00e7ois Durez"}]},{"@type":"WebSite","@id":"https:\/\/bergerault.com\/en\/#website","url":"https:\/\/bergerault.com\/en\/","name":"Bergerault Percussions","description":"Cr\u00e9ateur d&#039;instruments","potentialAction":[{"@type":"SearchAction","target":{"@type":"EntryPoint","urlTemplate":"https:\/\/bergerault.com\/en\/?s={search_term_string}"},"query-input":{"@type":"PropertyValueSpecification","valueRequired":true,"valueName":"search_term_string"}}],"inLanguage":"en-US"}]}},"_links":{"self":[{"href":"https:\/\/bergerault.com\/en\/wp-json\/wp\/v2\/artiste\/356434","targetHints":{"allow":["GET"]}}],"collection":[{"href":"https:\/\/bergerault.com\/en\/wp-json\/wp\/v2\/artiste"}],"about":[{"href":"https:\/\/bergerault.com\/en\/wp-json\/wp\/v2\/types\/artiste"}],"wp:featuredmedia":[{"embeddable":true,"href":"https:\/\/bergerault.com\/en\/wp-json\/wp\/v2\/media\/356435"}],"wp:attachment":[{"href":"https:\/\/bergerault.com\/en\/wp-json\/wp\/v2\/media?parent=356434"}],"wp:term":[{"taxonomy":"categorie_artiste","embeddable":true,"href":"https:\/\/bergerault.com\/en\/wp-json\/wp\/v2\/categorie_artiste?post=356434"}],"curies":[{"name":"wp","href":"https:\/\/api.w.org\/{rel}","templated":true}]}}

Jean-François Durez

<p>From St Amand les Eaux, Jean-Francois Durez began studying music in the municipal school of his town, before studying successively percussion and piano at the conservatories of Valenciennes, and Créteil. After brilliant studies at the Paris Conservatoire, crowned by the first prize unanimously percussion and DFS (piano accompaniment, analysis, sight reading, chamber music), he was appointed professor of percussion at the conservatory of the 17th district Paris. Following the contest, he was hired as percussionist with the Orchestre des Concerts Lamoureux and the Orchestre de la Garde Républicaine.<br />
Percussionist and pianist with many facets, Jean-Francois occurs as a soloist, accompanied by prestigious groups, and works regularly with many orchestras National (Ensemble Orchestral de Paris, Orchestre National de Lille, Orchestre du Capitole de Toulouse &#8230;)</p>
<p>He is a regular in the world and the variety of the musical, while accompanying numerous artists in concerts and on different albums (Nicoletta LAVILLIERS Bernard, Michel FUGAIN, Celine Dion, Sting, shows &#8220;Cabaret&#8221;, &#8220;KING LION &#8220;), and performed with many jazz musicians (Richard Galliano, Didier Lockwood, Claude Egea, Jean-Marie Ecay, Pierrick Pedron &#8230;) in various projects. Passionate musician, JF Durez is always looking for great encounters in different artistic worlds, always ready to share his passion in many master classes and various chamber music concerts.</p>
<p>Directeur musical de l’Union-Chorale de St Amand-les-Eaux et de l’Univers-Jazz Big-Band, il accompagne par ailleurs, en tant que percussionniste, le trio vocal « Les Mouettes », le Paname-Brass Ensemble, et est l’invité du projet « Nougaro façon trombone » avec le quatuor de trombones du Big-Band de Toulouse. Depuis septembre 2011, il vient également d’être nommé professeur de percussion, au Conservatoire à rayonnement départemental de Valenciennes.</p>
<p>Music Director of the &#8220;Union-Chorale de St Amand-les-Eaux&#8221; and the &#8220;Univers-Jazz Big Band&#8221;, he also accompanied, as a percussionist, the vocal trio &#8221; Les Mouettes&#8221;, Paname-Brass Ensemble&#8221;, and is the guest of the project &#8220;Nougaro façon Trombone&#8221; with the quartet of trombones of the Big Band of Toulouse. Since September 2011, he has also just been appointed professor of percussion at the Valenciennes Departmental Conservatory.</p>
<p><strong>Contact</strong></p>
<p>Facebook : <a href="https://www.facebook.com/people/Jean-Fran%C3%A7ois-Durez/1000004221072..">https://www.facebook.com/people/Jean-Fran%C3%A7ois-Durez/1000004221072..</a>.<br />
Website : <a href="http://ardimuse.fr/">http://ardimuse.fr</a></p>

<p>From St Amand les Eaux, Jean-Francois Durez began studying music in the municipal school of his town, before studying successively percussion and piano at the conservatories of Valenciennes, and Créteil. After brilliant studies at the Paris Conservatoire, crowned by the first prize unanimously percussion and DFS (piano accompaniment, analysis, sight reading, chamber music), he was [&hellip;]</p>

<!-- This site is optimized with the Yoast SEO plugin v27.5 - https://yoast.com/product/yoast-seo-wordpress/ -->
<title>Jean-François Durez - Bergerault Percussions</title>
<meta name="robots" content="index, follow, max-snippet:-1, max-image-preview:large, max-video-preview:-1" />
<link rel="canonical" href="https://bergerault.com/en/artiste/jean-francois-durez/" />
<meta property="og:locale" content="en_US" />
<meta property="og:type" content="article" />
<meta property="og:title" content="Jean-François Durez - Bergerault Percussions" />
<meta property="og:description" content="From St Amand les Eaux, Jean-Francois Durez began studying music in the municipal school of his town, before studying successively percussion and piano at the conservatories of Valenciennes, and Créteil. After brilliant studies at the Paris Conservatoire, crowned by the first prize unanimously percussion and DFS (piano accompaniment, analysis, sight reading, chamber music), he was [&hellip;]" />
<meta property="og:url" content="https://bergerault.com/en/artiste/jean-francois-durez/" />
<meta property="og:site_name" content="Bergerault Percussions" />
<meta property="article:modified_time" content="2025-05-02T13:43:46+00:00" />
<meta property="og:image" content="https://bergerault.com/wp-content/uploads/2024/11/Jean-Franois-Durez.jpg" />
	<meta property="og:image:width" content="533" />
	<meta property="og:image:height" content="800" />
	<meta property="og:image:type" content="image/jpeg" />
<meta name="twitter:card" content="summary_large_image" />
<meta name="twitter:label1" content="Est. reading time" />
	<meta name="twitter:data1" content="2 minutes" />
<script type="application/ld+json" class="yoast-schema-graph">{"@context":"https:\/\/schema.org","@graph":[{"@type":"WebPage","@id":"https:\/\/bergerault.com\/en\/artiste\/jean-francois-durez\/","url":"https:\/\/bergerault.com\/en\/artiste\/jean-francois-durez\/","name":"Jean-François Durez - Bergerault Percussions","isPartOf":{"@id":"https:\/\/bergerault.com\/en\/#website"},"primaryImageOfPage":{"@id":"https:\/\/bergerault.com\/en\/artiste\/jean-francois-durez\/#primaryimage"},"image":{"@id":"https:\/\/bergerault.com\/en\/artiste\/jean-francois-durez\/#primaryimage"},"thumbnailUrl":"https:\/\/bergerault.com\/wp-content\/uploads\/2024\/11\/Jean-Franois-Durez.jpg","datePublished":"2024-11-04T11:02:30+00:00","dateModified":"2025-05-02T13:43:46+00:00","breadcrumb":{"@id":"https:\/\/bergerault.com\/en\/artiste\/jean-francois-durez\/#breadcrumb"},"inLanguage":"en-US","potentialAction":[{"@type":"ReadAction","target":["https:\/\/bergerault.com\/en\/artiste\/jean-francois-durez\/"]}]},{"@type":"ImageObject","inLanguage":"en-US","@id":"https:\/\/bergerault.com\/en\/artiste\/jean-francois-durez\/#primaryimage","url":"https:\/\/bergerault.com\/wp-content\/uploads\/2024\/11\/Jean-Franois-Durez.jpg","contentUrl":"https:\/\/bergerault.com\/wp-content\/uploads\/2024\/11\/Jean-Franois-Durez.jpg","width":533,"height":800},{"@type":"BreadcrumbList","@id":"https:\/\/bergerault.com\/en\/artiste\/jean-francois-durez\/#breadcrumb","itemListElement":[{"@type":"ListItem","position":1,"name":"Accueil","item":"https:\/\/bergerault.com\/en\/"},{"@type":"ListItem","position":2,"name":"Jean-François Durez"}]},{"@type":"WebSite","@id":"https:\/\/bergerault.com\/en\/#website","url":"https:\/\/bergerault.com\/en\/","name":"Bergerault Percussions","description":"Créateur d&#039;instruments","potentialAction":[{"@type":"SearchAction","target":{"@type":"EntryPoint","urlTemplate":"https:\/\/bergerault.com\/en\/?s={search_term_string}"},"query-input":{"@type":"PropertyValueSpecification","valueRequired":true,"valueName":"search_term_string"}}],"inLanguage":"en-US"}]}</script>
<!-- / Yoast SEO plugin. -->

Jean-François Durez - Bergerault Percussions

From St Amand les Eaux, Jean-Francois Durez began studying music in the municipal school of his town, before studying successively percussion and piano at the conservatories of Valenciennes, and Créteil. After brilliant studies at the Paris Conservatoire, crowned by the first prize unanimously percussion and DFS (piano accompaniment, analysis, sight reading, chamber music), he was [&hellip;]

Créateur d&#039;instruments
